{"id":2332,"date":"2018-10-15T17:18:04","date_gmt":"2018-10-15T16:18:04","guid":{"rendered":"http:\/\/kkvranje-sevnica.net\/?page_id=2332"},"modified":"2018-10-15T17:30:41","modified_gmt":"2018-10-15T16:30:41","slug":"mali-strahci-jahajo-2018","status":"publish","type":"page","link":"http:\/\/kkvranje-sevnica.net\/?page_id=2332","title":{"rendered":"Mali strahci jahajo 2018"},"content":{"rendered":"\n<p>Pridru\u017eite se nam na razburljivi jesenski delavnici, kjer bomo izrezovali bu\u010de, pekli kostanj, jahali in \u0161e in \u0161e.\u00a0<\/p>\n\n\n\n<figure class=\"wp-block-image\"><img data-recalc-dims=\"1\" loading=\"lazy\" decoding=\"async\" width=\"473\" height=\"663\" data-attachment-id=\"2333\" data-permalink=\"http:\/\/kkvranje-sevnica.net\/?attachment_id=2333\" data-orig-file=\"https:\/\/i0.wp.com\/kkvranje-sevnica.net\/wp-content\/uploads\/2018\/10\/Mali-strahci-2018.png?fit=473%2C663\" data-orig-size=\"473,663\" data-comments-opened=\"1\" data-image-meta=\"{&quot;aperture&quot;:&quot;0&quot;,&quot;credit&quot;:&quot;&quot;,&quot;camera&quot;:&quot;&quot;,&quot;caption&quot;:&quot;&quot;,&quot;created_timestamp&quot;:&quot;0&quot;,&quot;copyright&quot;:&quot;&quot;,&quot;focal_length&quot;:&quot;0&quot;,&quot;iso&quot;:&quot;0&quot;,&quot;shutter_speed&quot;:&quot;0&quot;,&quot;title&quot;:&quot;&quot;,&quot;orientation&quot;:&quot;0&quot;}\" data-image-title=\"Mali strahci 2018\" data-image-description=\"\" data-image-caption=\"\" data-medium-file=\"https:\/\/i0.wp.com\/kkvranje-sevnica.net\/wp-content\/uploads\/2018\/10\/Mali-strahci-2018.png?fit=214%2C300\" data-large-file=\"https:\/\/i0.wp.com\/kkvranje-sevnica.net\/wp-content\/uploads\/2018\/10\/Mali-strahci-2018.png?fit=473%2C663\" src=\"https:\/\/i0.wp.com\/kkvranje-sevnica.net\/wp-content\/uploads\/2018\/10\/Mali-strahci-2018.png?resize=473%2C663\" alt=\"\" class=\"wp-image-2333\" srcset=\"https:\/\/i0.wp.com\/kkvranje-sevnica.net\/wp-content\/uploads\/2018\/10\/Mali-strahci-2018.png?w=473 473w, https:\/\/i0.wp.com\/kkvranje-sevnica.net\/wp-content\/uploads\/2018\/10\/Mali-strahci-2018.png?resize=214%2C300 214w\" sizes=\"auto, (max-width: 473px) 100vw, 473px\" \/><\/figure>\n","protected":false},"excerpt":{"rendered":"<p>Pridru\u017eite se nam na razburljivi jesenski delavnici, kjer bomo izrezovali bu\u010de, pekli kostanj, jahali in \u0161e in \u0161e.\u00a0<\/p>\n","protected":false},"author":1,"featured_media":0,"parent":2337,"menu_order":0,"comment_status":"closed","ping_status":"closed","template":"","meta":{"ngg_post_thumbnail":0,"jetpack_post_was_ever_published":false,"footnotes":""},"class_list":["post-2332","page","type-page","status-publish","hentry"],"jetpack_sharing_enabled":true,"jetpack_shortlink":"https:\/\/wp.me\/P4cz9w-BC","jetpack_likes_enabled":true,"_links":{"self":[{"href":"http:\/\/kkvranje-sevnica.net\/index.php?rest_route=\/wp\/v2\/pages\/2332","targetHints":{"allow":["GET"]}}],"collection":[{"href":"http:\/\/kkvranje-sevnica.net\/index.php?rest_route=\/wp\/v2\/pages"}],"about":[{"href":"http:\/\/kkvranje-sevnica.net\/index.php?rest_route=\/wp\/v2\/types\/page"}],"author":[{"embeddable":true,"href":"http:\/\/kkvranje-sevnica.net\/index.php?rest_route=\/wp\/v2\/users\/1"}],"replies":[{"embeddable":true,"href":"http:\/\/kkvranje-sevnica.net\/index.php?rest_route=%2Fwp%2Fv2%2Fcomments&post=2332"}],"version-history":[{"count":2,"href":"http:\/\/kkvranje-sevnica.net\/index.php?rest_route=\/wp\/v2\/pages\/2332\/revisions"}],"predecessor-version":[{"id":2343,"href":"http:\/\/kkvranje-sevnica.net\/index.php?rest_route=\/wp\/v2\/pages\/2332\/revisions\/2343"}],"up":[{"embeddable":true,"href":"http:\/\/kkvranje-sevnica.net\/index.php?rest_route=\/wp\/v2\/pages\/2337"}],"wp:attachment":[{"href":"http:\/\/kkvranje-sevnica.net\/index.php?rest_route=%2Fwp%2Fv2%2Fmedia&parent=2332"}],"curies":[{"name":"wp","href":"https:\/\/api.w.org\/{rel}","templated":true}]}}

<p>Pridružite se nam na razburljivi jesenski delavnici, kjer bomo izrezovali buče, pekli kostanj, jahali in še in še. </p>



<figure class="wp-block-image"><img data-recalc-dims="1" loading="lazy" decoding="async" width="473" height="663" data-attachment-id="2333" data-permalink="http://kkvranje-sevnica.net/?attachment_id=2333" data-orig-file="https://i0.wp.com/kkvranje-sevnica.net/wp-content/uploads/2018/10/Mali-strahci-2018.png?fit=473%2C663" data-orig-size="473,663" data-comments-opened="1" data-image-meta="{&quot;aperture&quot;:&quot;0&quot;,&quot;credit&quot;:&quot;&quot;,&quot;camera&quot;:&quot;&quot;,&quot;caption&quot;:&quot;&quot;,&quot;created_timestamp&quot;:&quot;0&quot;,&quot;copyright&quot;:&quot;&quot;,&quot;focal_length&quot;:&quot;0&quot;,&quot;iso&quot;:&quot;0&quot;,&quot;shutter_speed&quot;:&quot;0&quot;,&quot;title&quot;:&quot;&quot;,&quot;orientation&quot;:&quot;0&quot;}" data-image-title="Mali strahci 2018" data-image-description="" data-image-caption="" data-medium-file="https://i0.wp.com/kkvranje-sevnica.net/wp-content/uploads/2018/10/Mali-strahci-2018.png?fit=214%2C300" data-large-file="https://i0.wp.com/kkvranje-sevnica.net/wp-content/uploads/2018/10/Mali-strahci-2018.png?fit=473%2C663" src="https://i0.wp.com/kkvranje-sevnica.net/wp-content/uploads/2018/10/Mali-strahci-2018.png?resize=473%2C663" alt="" class="wp-image-2333" srcset="https://i0.wp.com/kkvranje-sevnica.net/wp-content/uploads/2018/10/Mali-strahci-2018.png?w=473 473w, https://i0.wp.com/kkvranje-sevnica.net/wp-content/uploads/2018/10/Mali-strahci-2018.png?resize=214%2C300 214w" sizes="auto, (max-width: 473px) 100vw, 473px" /></figure>

<p>Pridružite se nam na razburljivi jesenski delavnici, kjer bomo izrezovali buče, pekli kostanj, jahali in še in še. </p>
