{"id":2614,"date":"2019-04-06T22:12:26","date_gmt":"2019-04-06T21:12:26","guid":{"rendered":"http:\/\/kkvranje-sevnica.net\/?page_id=2614"},"modified":"2019-04-06T22:12:26","modified_gmt":"2019-04-06T21:12:26","slug":"konjickove-delavnice-2019","status":"publish","type":"page","link":"http:\/\/kkvranje-sevnica.net\/?page_id=2614","title":{"rendered":"Konji\u010dkove delavnice 2019"},"content":{"rendered":"<p>Jupiiiiii kon\u010dno so znani termini Konji\u010dkovih po\u010ditnic.<\/p>\n<p>Se \u017ee kaj veselite?<\/p>\n<p>Na\u0161i konji \u017ee pri\u010dakujejo gru\u010de otrok, ki jih bodo jahali, barvali, frizirali, skrbeli zanje, jih vodili na pa\u0161nik in na sprehode.<\/p>\n<p>Letos na\u0161 \u010daka kar 6 terminov konji\u010dkovih po\u010ditnic, kar pa je novo pa je da se bodo v juliju Konji\u010dkove po\u010ditnice izvajale na Vranskem, kjer so se do sedaj, v avgustu pa se bodo trije termini izvedli v kraju Vranje v Sevnici.<\/p>\n<p>Prijavnice in pristopne izjave najdeta v zavihku pravilniki in publikacije ali vam jih po\u0161ljemo na mail samo pi\u0161ite nam na ekoloska.kmetijafelicijan@gmail.com. Za ve\u010d informacij pa pokli\u010dite na 031 709 563.<\/p>\n<p><img data-recalc-dims=\"1\" loading=\"lazy\" decoding=\"async\" data-attachment-id=\"2611\" data-permalink=\"http:\/\/kkvranje-sevnica.net\/?attachment_id=2611\" data-orig-file=\"https:\/\/i0.wp.com\/kkvranje-sevnica.net\/wp-content\/uploads\/2019\/04\/konji%C4%8Dkove-2019-vabilo.png?fit=445%2C621\" data-orig-size=\"445,621\" data-comments-opened=\"1\" data-image-meta=\"{&quot;aperture&quot;:&quot;0&quot;,&quot;credit&quot;:&quot;&quot;,&quot;camera&quot;:&quot;&quot;,&quot;caption&quot;:&quot;&quot;,&quot;created_timestamp&quot;:&quot;0&quot;,&quot;copyright&quot;:&quot;&quot;,&quot;focal_length&quot;:&quot;0&quot;,&quot;iso&quot;:&quot;0&quot;,&quot;shutter_speed&quot;:&quot;0&quot;,&quot;title&quot;:&quot;&quot;,&quot;orientation&quot;:&quot;0&quot;}\" data-image-title=\"konji\u010dkove 2019 vabilo\" data-image-description=\"\" data-image-caption=\"\" data-medium-file=\"https:\/\/i0.wp.com\/kkvranje-sevnica.net\/wp-content\/uploads\/2019\/04\/konji%C4%8Dkove-2019-vabilo.png?fit=215%2C300\" data-large-file=\"https:\/\/i0.wp.com\/kkvranje-sevnica.net\/wp-content\/uploads\/2019\/04\/konji%C4%8Dkove-2019-vabilo.png?fit=445%2C621\" class=\"alignnone size-medium wp-image-2611\" src=\"https:\/\/i0.wp.com\/kkvranje-sevnica.net\/wp-content\/uploads\/2019\/04\/konji%C4%8Dkove-2019-vabilo.png?resize=215%2C300\" alt=\"\" width=\"215\" height=\"300\" srcset=\"https:\/\/i0.wp.com\/kkvranje-sevnica.net\/wp-content\/uploads\/2019\/04\/konji%C4%8Dkove-2019-vabilo.png?resize=215%2C300 215w, https:\/\/i0.wp.com\/kkvranje-sevnica.net\/wp-content\/uploads\/2019\/04\/konji%C4%8Dkove-2019-vabilo.png?w=445 445w\" sizes=\"auto, (max-width: 215px) 100vw, 215px\" \/><\/p>\n<p>&nbsp;<\/p>\n","protected":false},"excerpt":{"rendered":"<p>Jupiiiiii kon\u010dno so znani termini Konji\u010dkovih po\u010ditnic. Se \u017ee kaj veselite? Na\u0161i konji \u017ee pri\u010dakujejo gru\u010de otrok, ki jih bodo jahali, barvali, frizirali, skrbeli zanje, jih vodili na pa\u0161nik in na sprehode. Letos na\u0161 \u010daka kar 6 terminov konji\u010dkovih po\u010ditnic, kar pa je novo pa je da se bodo v juliju Konji\u010dkove po\u010ditnice izvajale na &hellip; <a href=\"http:\/\/kkvranje-sevnica.net\/?page_id=2614\" class=\"more-link\">Continue reading <span class=\"screen-reader-text\">Konji\u010dkove delavnice 2019<\/span> <span class=\"meta-nav\">&rarr;<\/span><\/a><\/p>\n","protected":false},"author":1,"featured_media":0,"parent":196,"menu_order":0,"comment_status":"closed","ping_status":"closed","template":"","meta":{"ngg_post_thumbnail":0,"jetpack_post_was_ever_published":false,"footnotes":""},"class_list":["post-2614","page","type-page","status-publish","hentry"],"jetpack_sharing_enabled":true,"jetpack_shortlink":"https:\/\/wp.me\/P4cz9w-Ga","jetpack_likes_enabled":true,"_links":{"self":[{"href":"http:\/\/kkvranje-sevnica.net\/index.php?rest_route=\/wp\/v2\/pages\/2614","targetHints":{"allow":["GET"]}}],"collection":[{"href":"http:\/\/kkvranje-sevnica.net\/index.php?rest_route=\/wp\/v2\/pages"}],"about":[{"href":"http:\/\/kkvranje-sevnica.net\/index.php?rest_route=\/wp\/v2\/types\/page"}],"author":[{"embeddable":true,"href":"http:\/\/kkvranje-sevnica.net\/index.php?rest_route=\/wp\/v2\/users\/1"}],"replies":[{"embeddable":true,"href":"http:\/\/kkvranje-sevnica.net\/index.php?rest_route=%2Fwp%2Fv2%2Fcomments&post=2614"}],"version-history":[{"count":1,"href":"http:\/\/kkvranje-sevnica.net\/index.php?rest_route=\/wp\/v2\/pages\/2614\/revisions"}],"predecessor-version":[{"id":2615,"href":"http:\/\/kkvranje-sevnica.net\/index.php?rest_route=\/wp\/v2\/pages\/2614\/revisions\/2615"}],"up":[{"embeddable":true,"href":"http:\/\/kkvranje-sevnica.net\/index.php?rest_route=\/wp\/v2\/pages\/196"}],"wp:attachment":[{"href":"http:\/\/kkvranje-sevnica.net\/index.php?rest_route=%2Fwp%2Fv2%2Fmedia&parent=2614"}],"curies":[{"name":"wp","href":"https:\/\/api.w.org\/{rel}","templated":true}]}}

Konjičkove delavnice 2019

<p>Jupiiiiii končno so znani termini Konjičkovih počitnic.</p>
<p>Se že kaj veselite?</p>
<p>Naši konji že pričakujejo gruče otrok, ki jih bodo jahali, barvali, frizirali, skrbeli zanje, jih vodili na pašnik in na sprehode.</p>
<p>Letos naš čaka kar 6 terminov konjičkovih počitnic, kar pa je novo pa je da se bodo v juliju Konjičkove počitnice izvajale na Vranskem, kjer so se do sedaj, v avgustu pa se bodo trije termini izvedli v kraju Vranje v Sevnici.</p>
<p>Prijavnice in pristopne izjave najdeta v zavihku pravilniki in publikacije ali vam jih pošljemo na mail samo pišite nam na ekoloska.kmetijafelicijan@gmail.com. Za več informacij pa pokličite na 031 709 563.</p>
<p><img data-recalc-dims="1" loading="lazy" decoding="async" data-attachment-id="2611" data-permalink="http://kkvranje-sevnica.net/?attachment_id=2611" data-orig-file="https://i0.wp.com/kkvranje-sevnica.net/wp-content/uploads/2019/04/konji%C4%8Dkove-2019-vabilo.png?fit=445%2C621" data-orig-size="445,621" data-comments-opened="1" data-image-meta="{&quot;aperture&quot;:&quot;0&quot;,&quot;credit&quot;:&quot;&quot;,&quot;camera&quot;:&quot;&quot;,&quot;caption&quot;:&quot;&quot;,&quot;created_timestamp&quot;:&quot;0&quot;,&quot;copyright&quot;:&quot;&quot;,&quot;focal_length&quot;:&quot;0&quot;,&quot;iso&quot;:&quot;0&quot;,&quot;shutter_speed&quot;:&quot;0&quot;,&quot;title&quot;:&quot;&quot;,&quot;orientation&quot;:&quot;0&quot;}" data-image-title="konjičkove 2019 vabilo" data-image-description="" data-image-caption="" data-medium-file="https://i0.wp.com/kkvranje-sevnica.net/wp-content/uploads/2019/04/konji%C4%8Dkove-2019-vabilo.png?fit=215%2C300" data-large-file="https://i0.wp.com/kkvranje-sevnica.net/wp-content/uploads/2019/04/konji%C4%8Dkove-2019-vabilo.png?fit=445%2C621" class="alignnone size-medium wp-image-2611" src="https://i0.wp.com/kkvranje-sevnica.net/wp-content/uploads/2019/04/konji%C4%8Dkove-2019-vabilo.png?resize=215%2C300" alt="" width="215" height="300" srcset="https://i0.wp.com/kkvranje-sevnica.net/wp-content/uploads/2019/04/konji%C4%8Dkove-2019-vabilo.png?resize=215%2C300 215w, https://i0.wp.com/kkvranje-sevnica.net/wp-content/uploads/2019/04/konji%C4%8Dkove-2019-vabilo.png?w=445 445w" sizes="auto, (max-width: 215px) 100vw, 215px" /></p>
<p>&nbsp;</p>

<p>Jupiiiiii končno so znani termini Konjičkovih počitnic. Se že kaj veselite? Naši konji že pričakujejo gruče otrok, ki jih bodo jahali, barvali, frizirali, skrbeli zanje, jih vodili na pašnik in na sprehode. Letos naš čaka kar 6 terminov konjičkovih počitnic, kar pa je novo pa je da se bodo v juliju Konjičkove počitnice izvajale na &hellip; <a href="http://kkvranje-sevnica.net/?page_id=2614" class="more-link">Continue reading <span class="screen-reader-text">Konjičkove delavnice 2019</span> <span class="meta-nav">&rarr;</span></a></p>
