{"id":3563,"date":"2020-04-23T07:47:56","date_gmt":"2020-04-23T06:47:56","guid":{"rendered":"http:\/\/kkvranje-sevnica.net\/?page_id=3563"},"modified":"2020-05-01T20:14:02","modified_gmt":"2020-05-01T19:14:02","slug":"konjickovi-tabori-2020","status":"publish","type":"page","link":"http:\/\/kkvranje-sevnica.net\/?page_id=3563","title":{"rendered":"Konji\u010dkovi tabori 2020"},"content":{"rendered":"\n<p>Objavljamo vabilo na poletne Konji\u010dkove tabore. Kot vsako leto organiziramo ve\u010d terminov v katere se lahko prijavite. <\/p>\n\n\n\n<p>Obljubljamo ogromno zabave, je\u017ee, ustvarjanja in super dogodiv\u0161\u010din.<\/p>\n\n\n\n<p>Vabimo vas, da si ogledate slike prej\u0161njih taborov.<\/p>\n\n\n\n<figure class=\"wp-block-image size-large\"><img data-recalc-dims=\"1\" loading=\"lazy\" decoding=\"async\" width=\"459\" height=\"635\" data-attachment-id=\"3561\" data-permalink=\"http:\/\/kkvranje-sevnica.net\/?attachment_id=3561\" data-orig-file=\"https:\/\/i0.wp.com\/kkvranje-sevnica.net\/wp-content\/uploads\/2020\/04\/Konji%C4%8Dkove-2020-vabilo.png?fit=459%2C635\" data-orig-size=\"459,635\" data-comments-opened=\"1\" data-image-meta=\"{&quot;aperture&quot;:&quot;0&quot;,&quot;credit&quot;:&quot;&quot;,&quot;camera&quot;:&quot;&quot;,&quot;caption&quot;:&quot;&quot;,&quot;created_timestamp&quot;:&quot;0&quot;,&quot;copyright&quot;:&quot;&quot;,&quot;focal_length&quot;:&quot;0&quot;,&quot;iso&quot;:&quot;0&quot;,&quot;shutter_speed&quot;:&quot;0&quot;,&quot;title&quot;:&quot;&quot;,&quot;orientation&quot;:&quot;0&quot;}\" data-image-title=\"Konji\u010dkove-2020-vabilo\" data-image-description=\"\" data-image-caption=\"\" data-medium-file=\"https:\/\/i0.wp.com\/kkvranje-sevnica.net\/wp-content\/uploads\/2020\/04\/Konji%C4%8Dkove-2020-vabilo.png?fit=217%2C300\" data-large-file=\"https:\/\/i0.wp.com\/kkvranje-sevnica.net\/wp-content\/uploads\/2020\/04\/Konji%C4%8Dkove-2020-vabilo.png?fit=459%2C635\" src=\"https:\/\/i0.wp.com\/kkvranje-sevnica.net\/wp-content\/uploads\/2020\/04\/Konji%C4%8Dkove-2020-vabilo.png?resize=459%2C635\" alt=\"\" class=\"wp-image-3561\" srcset=\"https:\/\/i0.wp.com\/kkvranje-sevnica.net\/wp-content\/uploads\/2020\/04\/Konji%C4%8Dkove-2020-vabilo.png?w=459 459w, https:\/\/i0.wp.com\/kkvranje-sevnica.net\/wp-content\/uploads\/2020\/04\/Konji%C4%8Dkove-2020-vabilo.png?resize=217%2C300 217w\" sizes=\"auto, (max-width: 459px) 100vw, 459px\" \/><\/figure>\n\n\n\n<p>Prijave potekajo preko e-mail naslova kkvranje.sevnica@gmail.com tako, da po\u0161ljete izpolnjeno spodnjo prijavnico. <\/p>\n\n\n\n<div class=\"wp-block-file\"><a href=\"http:\/\/kkvranje-sevnica.net\/wp-content\/uploads\/2020\/05\/Prijavnica-Konj.2020.pdf\">Prijavnica-Konj.2020<\/a><a href=\"http:\/\/kkvranje-sevnica.net\/wp-content\/uploads\/2020\/05\/Prijavnica-Konj.2020.pdf\" class=\"wp-block-file__button\" download>Download<\/a><\/div>\n\n\n\n<p style=\"color:#f40d11\" class=\"has-text-color\"><strong>PRIJAVA JE VELJAVNA SAMO OB PREJETJU IZPOLNJENE PRIJAVNICE ! <\/strong><\/p>\n","protected":false},"excerpt":{"rendered":"<p>Objavljamo vabilo na poletne Konji\u010dkove tabore. Kot vsako leto organiziramo ve\u010d terminov v katere se lahko prijavite. Obljubljamo ogromno zabave, je\u017ee, ustvarjanja in super dogodiv\u0161\u010din. Vabimo vas, da si ogledate slike prej\u0161njih taborov. Prijave potekajo preko e-mail naslova kkvranje.sevnica@gmail.com tako, da po\u0161ljete izpolnjeno spodnjo prijavnico. PRIJAVA JE VELJAVNA SAMO OB PREJETJU IZPOLNJENE PRIJAVNICE !<\/p>\n","protected":false},"author":1,"featured_media":0,"parent":0,"menu_order":0,"comment_status":"closed","ping_status":"closed","template":"","meta":{"ngg_post_thumbnail":0,"jetpack_post_was_ever_published":false,"footnotes":""},"class_list":["post-3563","page","type-page","status-publish","hentry"],"jetpack_sharing_enabled":true,"jetpack_shortlink":"https:\/\/wp.me\/P4cz9w-Vt","jetpack_likes_enabled":true,"_links":{"self":[{"href":"http:\/\/kkvranje-sevnica.net\/index.php?rest_route=\/wp\/v2\/pages\/3563","targetHints":{"allow":["GET"]}}],"collection":[{"href":"http:\/\/kkvranje-sevnica.net\/index.php?rest_route=\/wp\/v2\/pages"}],"about":[{"href":"http:\/\/kkvranje-sevnica.net\/index.php?rest_route=\/wp\/v2\/types\/page"}],"author":[{"embeddable":true,"href":"http:\/\/kkvranje-sevnica.net\/index.php?rest_route=\/wp\/v2\/users\/1"}],"replies":[{"embeddable":true,"href":"http:\/\/kkvranje-sevnica.net\/index.php?rest_route=%2Fwp%2Fv2%2Fcomments&post=3563"}],"version-history":[{"count":4,"href":"http:\/\/kkvranje-sevnica.net\/index.php?rest_route=\/wp\/v2\/pages\/3563\/revisions"}],"predecessor-version":[{"id":4430,"href":"http:\/\/kkvranje-sevnica.net\/index.php?rest_route=\/wp\/v2\/pages\/3563\/revisions\/4430"}],"wp:attachment":[{"href":"http:\/\/kkvranje-sevnica.net\/index.php?rest_route=%2Fwp%2Fv2%2Fmedia&parent=3563"}],"curies":[{"name":"wp","href":"https:\/\/api.w.org\/{rel}","templated":true}]}}