{"id":5207,"date":"2022-03-23T21:12:18","date_gmt":"2022-03-23T20:12:18","guid":{"rendered":"http:\/\/kkvranje-sevnica.net\/?page_id=5207"},"modified":"2022-05-25T12:13:26","modified_gmt":"2022-05-25T11:13:26","slug":"gulliver","status":"publish","type":"page","link":"http:\/\/kkvranje-sevnica.net\/?page_id=5207","title":{"rendered":"Gulliver"},"content":{"rendered":"\n<p>Spoznajte na\u0161ega najmlaj\u0161ega konjskega \u010dlana. \u017drebil se je 11.4.2021, njegova mama je na\u0161a Ajda, o\u010de pa ja \u017erebec Remy s sosednjega hriba.<\/p>\n\n\n\n<figure class=\"wp-block-gallery has-nested-images columns-default is-cropped wp-block-gallery-1 is-layout-flex wp-block-gallery-is-layout-flex\">\n<figure class=\"wp-block-image size-large\"><img data-recalc-dims=\"1\" loading=\"lazy\" decoding=\"async\" width=\"474\" height=\"213\" data-attachment-id=\"5250\" data-permalink=\"http:\/\/kkvranje-sevnica.net\/?attachment_id=5250\" data-orig-file=\"https:\/\/i0.wp.com\/kkvranje-sevnica.net\/wp-content\/uploads\/2022\/05\/20220521_172529-scaled.jpg?fit=2560%2C1152\" data-orig-size=\"2560,1152\" data-comments-opened=\"1\" data-image-meta=\"{&quot;aperture&quot;:&quot;2&quot;,&quot;credit&quot;:&quot;&quot;,&quot;camera&quot;:&quot;SM-A515F&quot;,&quot;caption&quot;:&quot;&quot;,&quot;created_timestamp&quot;:&quot;1653153930&quot;,&quot;copyright&quot;:&quot;&quot;,&quot;focal_length&quot;:&quot;4.6&quot;,&quot;iso&quot;:&quot;100&quot;,&quot;shutter_speed&quot;:&quot;0.02&quot;,&quot;title&quot;:&quot;&quot;,&quot;orientation&quot;:&quot;1&quot;}\" data-image-title=\"20220521_172529\" data-image-description=\"\" data-image-caption=\"\" data-medium-file=\"https:\/\/i0.wp.com\/kkvranje-sevnica.net\/wp-content\/uploads\/2022\/05\/20220521_172529-scaled.jpg?fit=300%2C135\" data-large-file=\"https:\/\/i0.wp.com\/kkvranje-sevnica.net\/wp-content\/uploads\/2022\/05\/20220521_172529-scaled.jpg?fit=474%2C213\" data-id=\"5250\" src=\"https:\/\/i0.wp.com\/kkvranje-sevnica.net\/wp-content\/uploads\/2022\/05\/20220521_172529.jpg?resize=474%2C213\" alt=\"\" class=\"wp-image-5250\" srcset=\"https:\/\/i0.wp.com\/kkvranje-sevnica.net\/wp-content\/uploads\/2022\/05\/20220521_172529-scaled.jpg?resize=1024%2C461 1024w, https:\/\/i0.wp.com\/kkvranje-sevnica.net\/wp-content\/uploads\/2022\/05\/20220521_172529-scaled.jpg?resize=300%2C135 300w, https:\/\/i0.wp.com\/kkvranje-sevnica.net\/wp-content\/uploads\/2022\/05\/20220521_172529-scaled.jpg?resize=768%2C346 768w, https:\/\/i0.wp.com\/kkvranje-sevnica.net\/wp-content\/uploads\/2022\/05\/20220521_172529-scaled.jpg?resize=1536%2C691 1536w, https:\/\/i0.wp.com\/kkvranje-sevnica.net\/wp-content\/uploads\/2022\/05\/20220521_172529-scaled.jpg?resize=2048%2C922 2048w, https:\/\/i0.wp.com\/kkvranje-sevnica.net\/wp-content\/uploads\/2022\/05\/20220521_172529-scaled.jpg?w=948 948w, https:\/\/i0.wp.com\/kkvranje-sevnica.net\/wp-content\/uploads\/2022\/05\/20220521_172529-scaled.jpg?w=1422 1422w\" sizes=\"auto, (max-width: 474px) 100vw, 474px\" \/><\/figure>\n<\/figure>\n","protected":false},"excerpt":{"rendered":"<p>Spoznajte na\u0161ega najmlaj\u0161ega konjskega \u010dlana. \u017drebil se je 11.4.2021, njegova mama je na\u0161a Ajda, o\u010de pa ja \u017erebec Remy s sosednjega hriba.<\/p>\n","protected":false},"author":1,"featured_media":0,"parent":180,"menu_order":0,"comment_status":"closed","ping_status":"closed","template":"","meta":{"ngg_post_thumbnail":0,"jetpack_post_was_ever_published":false,"footnotes":""},"class_list":["post-5207","page","type-page","status-publish","hentry"],"jetpack_sharing_enabled":true,"jetpack_shortlink":"https:\/\/wp.me\/P4cz9w-1lZ","jetpack_likes_enabled":true,"_links":{"self":[{"href":"http:\/\/kkvranje-sevnica.net\/index.php?rest_route=\/wp\/v2\/pages\/5207","targetHints":{"allow":["GET"]}}],"collection":[{"href":"http:\/\/kkvranje-sevnica.net\/index.php?rest_route=\/wp\/v2\/pages"}],"about":[{"href":"http:\/\/kkvranje-sevnica.net\/index.php?rest_route=\/wp\/v2\/types\/page"}],"author":[{"embeddable":true,"href":"http:\/\/kkvranje-sevnica.net\/index.php?rest_route=\/wp\/v2\/users\/1"}],"replies":[{"embeddable":true,"href":"http:\/\/kkvranje-sevnica.net\/index.php?rest_route=%2Fwp%2Fv2%2Fcomments&post=5207"}],"version-history":[{"count":2,"href":"http:\/\/kkvranje-sevnica.net\/index.php?rest_route=\/wp\/v2\/pages\/5207\/revisions"}],"predecessor-version":[{"id":5251,"href":"http:\/\/kkvranje-sevnica.net\/index.php?rest_route=\/wp\/v2\/pages\/5207\/revisions\/5251"}],"up":[{"embeddable":true,"href":"http:\/\/kkvranje-sevnica.net\/index.php?rest_route=\/wp\/v2\/pages\/180"}],"wp:attachment":[{"href":"http:\/\/kkvranje-sevnica.net\/index.php?rest_route=%2Fwp%2Fv2%2Fmedia&parent=5207"}],"curies":[{"name":"wp","href":"https:\/\/api.w.org\/{rel}","templated":true}]}}

<p>Spoznajte našega najmlajšega konjskega člana. Žrebil se je 11.4.2021, njegova mama je naša Ajda, oče pa ja žrebec Remy s sosednjega hriba.</p>



<figure class="wp-block-gallery has-nested-images columns-default is-cropped wp-block-gallery-1 is-layout-flex wp-block-gallery-is-layout-flex">
<figure class="wp-block-image size-large"><img data-recalc-dims="1" loading="lazy" decoding="async" width="474" height="213" data-attachment-id="5250" data-permalink="http://kkvranje-sevnica.net/?attachment_id=5250" data-orig-file="https://i0.wp.com/kkvranje-sevnica.net/wp-content/uploads/2022/05/20220521_172529-scaled.jpg?fit=2560%2C1152" data-orig-size="2560,1152" data-comments-opened="1" data-image-meta="{&quot;aperture&quot;:&quot;2&quot;,&quot;credit&quot;:&quot;&quot;,&quot;camera&quot;:&quot;SM-A515F&quot;,&quot;caption&quot;:&quot;&quot;,&quot;created_timestamp&quot;:&quot;1653153930&quot;,&quot;copyright&quot;:&quot;&quot;,&quot;focal_length&quot;:&quot;4.6&quot;,&quot;iso&quot;:&quot;100&quot;,&quot;shutter_speed&quot;:&quot;0.02&quot;,&quot;title&quot;:&quot;&quot;,&quot;orientation&quot;:&quot;1&quot;}" data-image-title="20220521_172529" data-image-description="" data-image-caption="" data-medium-file="https://i0.wp.com/kkvranje-sevnica.net/wp-content/uploads/2022/05/20220521_172529-scaled.jpg?fit=300%2C135" data-large-file="https://i0.wp.com/kkvranje-sevnica.net/wp-content/uploads/2022/05/20220521_172529-scaled.jpg?fit=474%2C213" data-id="5250" src="https://i0.wp.com/kkvranje-sevnica.net/wp-content/uploads/2022/05/20220521_172529.jpg?resize=474%2C213" alt="" class="wp-image-5250" srcset="https://i0.wp.com/kkvranje-sevnica.net/wp-content/uploads/2022/05/20220521_172529-scaled.jpg?resize=1024%2C461 1024w, https://i0.wp.com/kkvranje-sevnica.net/wp-content/uploads/2022/05/20220521_172529-scaled.jpg?resize=300%2C135 300w, https://i0.wp.com/kkvranje-sevnica.net/wp-content/uploads/2022/05/20220521_172529-scaled.jpg?resize=768%2C346 768w, https://i0.wp.com/kkvranje-sevnica.net/wp-content/uploads/2022/05/20220521_172529-scaled.jpg?resize=1536%2C691 1536w, https://i0.wp.com/kkvranje-sevnica.net/wp-content/uploads/2022/05/20220521_172529-scaled.jpg?resize=2048%2C922 2048w, https://i0.wp.com/kkvranje-sevnica.net/wp-content/uploads/2022/05/20220521_172529-scaled.jpg?w=948 948w, https://i0.wp.com/kkvranje-sevnica.net/wp-content/uploads/2022/05/20220521_172529-scaled.jpg?w=1422 1422w" sizes="auto, (max-width: 474px) 100vw, 474px" /></figure>
</figure>

<p>Spoznajte našega najmlajšega konjskega člana. Žrebil se je 11.4.2021, njegova mama je naša Ajda, oče pa ja žrebec Remy s sosednjega hriba.</p>
