{"id":5387,"date":"2025-05-08T07:55:19","date_gmt":"2025-05-08T06:55:19","guid":{"rendered":"http:\/\/kkvranje-sevnica.net\/?page_id=5387"},"modified":"2025-05-08T08:10:41","modified_gmt":"2025-05-08T07:10:41","slug":"program-razvoja-podezelja-2014-2020","status":"publish","type":"page","link":"http:\/\/kkvranje-sevnica.net\/?page_id=5387","title":{"rendered":"RAZVOJ PODE\u017dELJA"},"content":{"rendered":"\n<p class=\"has-large-font-size\">PROGRAM RAZVOJA PODE\u017dELJA 2014 &#8211; 2020<\/p>\n\n\n\n<figure class=\"wp-block-gallery has-nested-images columns-default is-cropped wp-block-gallery-1 is-layout-flex wp-block-gallery-is-layout-flex\">\n<figure class=\"wp-block-image size-large\"><img data-recalc-dims=\"1\" loading=\"lazy\" decoding=\"async\" width=\"372\" height=\"88\" data-attachment-id=\"5388\" data-permalink=\"http:\/\/kkvranje-sevnica.net\/?attachment_id=5388\" data-orig-file=\"https:\/\/i0.wp.com\/kkvranje-sevnica.net\/wp-content\/uploads\/2025\/05\/eu-slo.jpg?fit=372%2C88\" data-orig-size=\"372,88\" data-comments-opened=\"1\" data-image-meta=\"{&quot;aperture&quot;:&quot;0&quot;,&quot;credit&quot;:&quot;&quot;,&quot;camera&quot;:&quot;&quot;,&quot;caption&quot;:&quot;&quot;,&quot;created_timestamp&quot;:&quot;0&quot;,&quot;copyright&quot;:&quot;&quot;,&quot;focal_length&quot;:&quot;0&quot;,&quot;iso&quot;:&quot;0&quot;,&quot;shutter_speed&quot;:&quot;0&quot;,&quot;title&quot;:&quot;&quot;,&quot;orientation&quot;:&quot;0&quot;}\" data-image-title=\"eu-slo\" data-image-description=\"\" data-image-caption=\"\" data-medium-file=\"https:\/\/i0.wp.com\/kkvranje-sevnica.net\/wp-content\/uploads\/2025\/05\/eu-slo.jpg?fit=300%2C71\" data-large-file=\"https:\/\/i0.wp.com\/kkvranje-sevnica.net\/wp-content\/uploads\/2025\/05\/eu-slo.jpg?fit=372%2C88\" data-id=\"5388\" src=\"https:\/\/i0.wp.com\/kkvranje-sevnica.net\/wp-content\/uploads\/2025\/05\/eu-slo.jpg?resize=372%2C88\" alt=\"\" class=\"wp-image-5388\" srcset=\"https:\/\/i0.wp.com\/kkvranje-sevnica.net\/wp-content\/uploads\/2025\/05\/eu-slo.jpg?w=372 372w, https:\/\/i0.wp.com\/kkvranje-sevnica.net\/wp-content\/uploads\/2025\/05\/eu-slo.jpg?resize=300%2C71 300w\" sizes=\"auto, (max-width: 372px) 100vw, 372px\" \/><\/figure>\n<\/figure>\n\n\n\n<h2 class=\"wp-block-heading\">3. javni razpis za podukrep 6.3.<\/h2>\n\n\n\n<p><strong>Naziv aktivnosti: Pomo\u010d za zagon dejavnosti, namenjena razvoju majhnih kmetij<\/strong><\/p>\n\n\n\n<p>Agencija Republike Slovenije za kmetijske trge in razvoj pode\u017eelja, Dunajska 160, 1000 Ljubljana, je izdala pozitivno odlo\u010dbo, za podporo iz podukrepa Pomo\u010d za zagon dejavnosti, namenjena razvoju majhnih kmetij iz Programa razvoja pode\u017eelja Republike Slovenije za obdobje&nbsp; 2014-2020.<\/p>\n\n\n\n<p>Jerica Felicijan, nosilka dopolnilne dejavnosti na kmetiji, Vranje 19, 8290 Sevnica, sem prejemnica finan\u010dnih sredstev iz naslova Podukrepa 6.3: Pomo\u010d za zagon dejavnosti, namenjena razvoju majhnih kmetij za leto 2022.<br><br>Povzetek:<\/p>\n\n\n\n<p>Jerica Felicijan, nosilka dopolnilne dejavnosti na kmetiji, Vranje 19, 8290 Sevnica, sem prijela pozitivno odlo\u010dbo &nbsp;iz podukrepa 6.3. o dodelitvi finan\u010dnih sredstev za nakup traktorske kosilnice in traktorskega platoja.<\/p>\n\n\n\n<p>Cilji:<\/p>\n\n\n\n<p>Cilj nalo\u017ebe je posodobitev dopolnilne dejavnosti na kmetiji. <\/p>\n\n\n\n<p>Cilji investicije so: ohranjanje in urejenost pode\u017eelja, konkuren\u010dnost kmetije, olaj\u0161anje dela na kmetiji.<\/p>\n\n\n\n<p>Investicija zajema:<br>1. Nakup kosilnice  <br>2. nakup traktorskega platoja&nbsp;<\/p>\n\n\n\n<p>Spletna stran EK, namenjene Evropskemu kmetijskemu skladu za razvoj pode\u017eelja:<br><a href=\"http:\/\/ec.europa.eu\/agriculture\/rural-development-2014-2020\/index_sl.htm\" target=\"_blank\" rel=\"noreferrer noopener\">http:\/\/ec.europa.eu\/agriculture\/rural-development-2014-2020\/index_sl.htm<\/a><\/p>\n\n\n\n<p>Spletna stran PRP 2014-2020:&nbsp;<br><a href=\"http:\/\/www.program-podezelja.si\/\" target=\"_blank\" rel=\"noreferrer noopener\">www.program-podezelja.si\/<\/a><\/p>\n\n\n\n<p><\/p>\n\n\n\n<p><\/p>\n","protected":false},"excerpt":{"rendered":"<p>PROGRAM RAZVOJA PODE\u017dELJA 2014 &#8211; 2020 3. javni razpis za podukrep 6.3. Naziv aktivnosti: Pomo\u010d za zagon dejavnosti, namenjena razvoju majhnih kmetij Agencija Republike Slovenije za kmetijske trge in razvoj pode\u017eelja, Dunajska 160, 1000 Ljubljana, je izdala pozitivno odlo\u010dbo, za podporo iz podukrepa Pomo\u010d za zagon dejavnosti, namenjena razvoju majhnih kmetij iz Programa razvoja pode\u017eelja &hellip; <a href=\"http:\/\/kkvranje-sevnica.net\/?page_id=5387\" class=\"more-link\">Continue reading <span class=\"screen-reader-text\">RAZVOJ PODE\u017dELJA<\/span> <span class=\"meta-nav\">&rarr;<\/span><\/a><\/p>\n","protected":false},"author":1,"featured_media":0,"parent":0,"menu_order":0,"comment_status":"closed","ping_status":"closed","template":"","meta":{"ngg_post_thumbnail":0,"jetpack_post_was_ever_published":false,"footnotes":""},"class_list":["post-5387","page","type-page","status-publish","hentry"],"jetpack_sharing_enabled":true,"jetpack_shortlink":"https:\/\/wp.me\/P4cz9w-1oT","jetpack_likes_enabled":true,"_links":{"self":[{"href":"http:\/\/kkvranje-sevnica.net\/index.php?rest_route=\/wp\/v2\/pages\/5387","targetHints":{"allow":["GET"]}}],"collection":[{"href":"http:\/\/kkvranje-sevnica.net\/index.php?rest_route=\/wp\/v2\/pages"}],"about":[{"href":"http:\/\/kkvranje-sevnica.net\/index.php?rest_route=\/wp\/v2\/types\/page"}],"author":[{"embeddable":true,"href":"http:\/\/kkvranje-sevnica.net\/index.php?rest_route=\/wp\/v2\/users\/1"}],"replies":[{"embeddable":true,"href":"http:\/\/kkvranje-sevnica.net\/index.php?rest_route=%2Fwp%2Fv2%2Fcomments&post=5387"}],"version-history":[{"count":4,"href":"http:\/\/kkvranje-sevnica.net\/index.php?rest_route=\/wp\/v2\/pages\/5387\/revisions"}],"predecessor-version":[{"id":5398,"href":"http:\/\/kkvranje-sevnica.net\/index.php?rest_route=\/wp\/v2\/pages\/5387\/revisions\/5398"}],"wp:attachment":[{"href":"http:\/\/kkvranje-sevnica.net\/index.php?rest_route=%2Fwp%2Fv2%2Fmedia&parent=5387"}],"curies":[{"name":"wp","href":"https:\/\/api.w.org\/{rel}","templated":true}]}}

RAZVOJ PODEŽELJA

<p class="has-large-font-size">PROGRAM RAZVOJA PODEŽELJA 2014 &#8211; 2020</p>



<figure class="wp-block-gallery has-nested-images columns-default is-cropped wp-block-gallery-1 is-layout-flex wp-block-gallery-is-layout-flex">
<figure class="wp-block-image size-large"><img data-recalc-dims="1" loading="lazy" decoding="async" width="372" height="88" data-attachment-id="5388" data-permalink="http://kkvranje-sevnica.net/?attachment_id=5388" data-orig-file="https://i0.wp.com/kkvranje-sevnica.net/wp-content/uploads/2025/05/eu-slo.jpg?fit=372%2C88" data-orig-size="372,88" data-comments-opened="1" data-image-meta="{&quot;aperture&quot;:&quot;0&quot;,&quot;credit&quot;:&quot;&quot;,&quot;camera&quot;:&quot;&quot;,&quot;caption&quot;:&quot;&quot;,&quot;created_timestamp&quot;:&quot;0&quot;,&quot;copyright&quot;:&quot;&quot;,&quot;focal_length&quot;:&quot;0&quot;,&quot;iso&quot;:&quot;0&quot;,&quot;shutter_speed&quot;:&quot;0&quot;,&quot;title&quot;:&quot;&quot;,&quot;orientation&quot;:&quot;0&quot;}" data-image-title="eu-slo" data-image-description="" data-image-caption="" data-medium-file="https://i0.wp.com/kkvranje-sevnica.net/wp-content/uploads/2025/05/eu-slo.jpg?fit=300%2C71" data-large-file="https://i0.wp.com/kkvranje-sevnica.net/wp-content/uploads/2025/05/eu-slo.jpg?fit=372%2C88" data-id="5388" src="https://i0.wp.com/kkvranje-sevnica.net/wp-content/uploads/2025/05/eu-slo.jpg?resize=372%2C88" alt="" class="wp-image-5388" srcset="https://i0.wp.com/kkvranje-sevnica.net/wp-content/uploads/2025/05/eu-slo.jpg?w=372 372w, https://i0.wp.com/kkvranje-sevnica.net/wp-content/uploads/2025/05/eu-slo.jpg?resize=300%2C71 300w" sizes="auto, (max-width: 372px) 100vw, 372px" /></figure>
</figure>



<h2 class="wp-block-heading">3. javni razpis za podukrep 6.3.</h2>



<p><strong>Naziv aktivnosti: Pomoč za zagon dejavnosti, namenjena razvoju majhnih kmetij</strong></p>



<p>Agencija Republike Slovenije za kmetijske trge in razvoj podeželja, Dunajska 160, 1000 Ljubljana, je izdala pozitivno odločbo, za podporo iz podukrepa Pomoč za zagon dejavnosti, namenjena razvoju majhnih kmetij iz Programa razvoja podeželja Republike Slovenije za obdobje&nbsp; 2014-2020.</p>



<p>Jerica Felicijan, nosilka dopolnilne dejavnosti na kmetiji, Vranje 19, 8290 Sevnica, sem prejemnica finančnih sredstev iz naslova Podukrepa 6.3: Pomoč za zagon dejavnosti, namenjena razvoju majhnih kmetij za leto 2022.<br><br>Povzetek:</p>



<p>Jerica Felicijan, nosilka dopolnilne dejavnosti na kmetiji, Vranje 19, 8290 Sevnica, sem prijela pozitivno odločbo &nbsp;iz podukrepa 6.3. o dodelitvi finančnih sredstev za nakup traktorske kosilnice in traktorskega platoja.</p>



<p>Cilji:</p>



<p>Cilj naložbe je posodobitev dopolnilne dejavnosti na kmetiji. </p>



<p>Cilji investicije so: ohranjanje in urejenost podeželja, konkurenčnost kmetije, olajšanje dela na kmetiji.</p>



<p>Investicija zajema:<br>1. Nakup kosilnice  <br>2. nakup traktorskega platoja&nbsp;</p>



<p>Spletna stran EK, namenjene Evropskemu kmetijskemu skladu za razvoj podeželja:<br><a href="http://ec.europa.eu/agriculture/rural-development-2014-2020/index_sl.htm" target="_blank" rel="noreferrer noopener">http://ec.europa.eu/agriculture/rural-development-2014-2020/index_sl.htm</a></p>



<p>Spletna stran PRP 2014-2020:&nbsp;<br><a href="http://www.program-podezelja.si/" target="_blank" rel="noreferrer noopener">www.program-podezelja.si/</a></p>



<p></p>



<p></p>

<p>PROGRAM RAZVOJA PODEŽELJA 2014 &#8211; 2020 3. javni razpis za podukrep 6.3. Naziv aktivnosti: Pomoč za zagon dejavnosti, namenjena razvoju majhnih kmetij Agencija Republike Slovenije za kmetijske trge in razvoj podeželja, Dunajska 160, 1000 Ljubljana, je izdala pozitivno odločbo, za podporo iz podukrepa Pomoč za zagon dejavnosti, namenjena razvoju majhnih kmetij iz Programa razvoja podeželja &hellip; <a href="http://kkvranje-sevnica.net/?page_id=5387" class="more-link">Continue reading <span class="screen-reader-text">RAZVOJ PODEŽELJA</span> <span class="meta-nav">&rarr;</span></a></p>
