{"id":928,"date":"2016-06-11T18:38:26","date_gmt":"2016-06-11T17:38:26","guid":{"rendered":"http:\/\/kkvranje-sevnica.net\/?page_id=928"},"modified":"2016-06-11T19:10:23","modified_gmt":"2016-06-11T18:10:23","slug":"blum","status":"publish","type":"page","link":"http:\/\/kkvranje-sevnica.net\/?page_id=928","title":{"rendered":"Blum"},"content":{"rendered":"<p>Spoznajte na\u0161o novo pridobitev, \u010dudovito malo ponico Blum, ki bo od sedaj naprej skrbela za na\u0161e najmanj\u0161e jaha\u010de in tudi tiste malo ve\u010dje, ki se bojijo velikih konjev.<\/p>\n<p>Je \u010dudovita sr\u010dica, ki obo\u017euje otroke, sploh \u010de ji prinesejo kak\u0161en pribolj\u0161ek \ud83d\ude42<\/p>\n<div class=\"tiled-gallery type-rectangular tiled-gallery-unresized\" data-original-width=\"474\" data-carousel-extra='{&quot;blog_id&quot;:1,&quot;permalink&quot;:&quot;http:\\\/\\\/kkvranje-sevnica.net\\\/?page_id=928&quot;,&quot;likes_blog_id&quot;:62100410}' itemscope itemtype=\"http:\/\/schema.org\/ImageGallery\" > <div class=\"gallery-row\" style=\"width: 474px; height: 132px;\" data-original-width=\"474\" data-original-height=\"132\" > <div class=\"gallery-group images-1\" style=\"width: 100px; height: 132px;\" data-original-width=\"100\" data-original-height=\"132\" > <div class=\"tiled-gallery-item tiled-gallery-item-small\" itemprop=\"associatedMedia\" itemscope itemtype=\"http:\/\/schema.org\/ImageObject\"> <a href=\"http:\/\/kkvranje-sevnica.net\/?attachment_id=929\" border=\"0\" itemprop=\"url\"> <meta itemprop=\"width\" content=\"96\"> <meta itemprop=\"height\" content=\"128\"> <img decoding=\"async\" class=\"\" data-attachment-id=\"929\" data-orig-file=\"http:\/\/kkvranje-sevnica.net\/wp-content\/uploads\/2016\/06\/CAM05353.jpg\" data-orig-size=\"1944,2592\" data-comments-opened=\"1\" data-image-meta=\"{&quot;aperture&quot;:&quot;2.8&quot;,&quot;credit&quot;:&quot;&quot;,&quot;camera&quot;:&quot;LG-P760&quot;,&quot;caption&quot;:&quot;&quot;,&quot;created_timestamp&quot;:&quot;0&quot;,&quot;copyright&quot;:&quot;&quot;,&quot;focal_length&quot;:&quot;4.6&quot;,&quot;iso&quot;:&quot;100&quot;,&quot;shutter_speed&quot;:&quot;0.003688&quot;,&quot;title&quot;:&quot;&quot;,&quot;orientation&quot;:&quot;0&quot;}\" data-image-title=\"CAM05353\" data-image-description=\"\" data-medium-file=\"https:\/\/i0.wp.com\/kkvranje-sevnica.net\/wp-content\/uploads\/2016\/06\/CAM05353.jpg?fit=225%2C300\" data-large-file=\"https:\/\/i0.wp.com\/kkvranje-sevnica.net\/wp-content\/uploads\/2016\/06\/CAM05353.jpg?fit=474%2C632\" src=\"https:\/\/i0.wp.com\/kkvranje-sevnica.net\/wp-content\/uploads\/2016\/06\/CAM05353.jpg?w=96&#038;h=128\" srcset=\"https:\/\/i0.wp.com\/kkvranje-sevnica.net\/wp-content\/uploads\/2016\/06\/CAM05353.jpg?w=1944 1944w, https:\/\/i0.wp.com\/kkvranje-sevnica.net\/wp-content\/uploads\/2016\/06\/CAM05353.jpg?resize=225%2C300 225w, https:\/\/i0.wp.com\/kkvranje-sevnica.net\/wp-content\/uploads\/2016\/06\/CAM05353.jpg?resize=768%2C1024 768w, https:\/\/i0.wp.com\/kkvranje-sevnica.net\/wp-content\/uploads\/2016\/06\/CAM05353.jpg?w=948 948w, https:\/\/i0.wp.com\/kkvranje-sevnica.net\/wp-content\/uploads\/2016\/06\/CAM05353.jpg?w=1422 1422w\" width=\"96\" height=\"128\" loading=\"lazy\" data-original-width=\"96\" data-original-height=\"128\" itemprop=\"http:\/\/schema.org\/image\" title=\"CAM05353\" alt=\"CAM05353\" style=\"width: 96px; height: 128px;\" \/> <\/a> <\/div> <\/div> <!-- close group --> <div class=\"gallery-group images-1\" style=\"width: 100px; height: 132px;\" data-original-width=\"100\" data-original-height=\"132\" > <div class=\"tiled-gallery-item tiled-gallery-item-small\" itemprop=\"associatedMedia\" itemscope itemtype=\"http:\/\/schema.org\/ImageObject\"> <a href=\"http:\/\/kkvranje-sevnica.net\/?attachment_id=930\" border=\"0\" itemprop=\"url\"> <meta itemprop=\"width\" content=\"96\"> <meta itemprop=\"height\" content=\"128\"> <img decoding=\"async\" class=\"\" data-attachment-id=\"930\" data-orig-file=\"http:\/\/kkvranje-sevnica.net\/wp-content\/uploads\/2016\/06\/CAM05354.jpg\" data-orig-size=\"1944,2592\" data-comments-opened=\"1\" data-image-meta=\"{&quot;aperture&quot;:&quot;2.8&quot;,&quot;credit&quot;:&quot;&quot;,&quot;camera&quot;:&quot;LG-P760&quot;,&quot;caption&quot;:&quot;&quot;,&quot;created_timestamp&quot;:&quot;0&quot;,&quot;copyright&quot;:&quot;&quot;,&quot;focal_length&quot;:&quot;4.6&quot;,&quot;iso&quot;:&quot;100&quot;,&quot;shutter_speed&quot;:&quot;0.005083&quot;,&quot;title&quot;:&quot;&quot;,&quot;orientation&quot;:&quot;0&quot;}\" data-image-title=\"CAM05354\" data-image-description=\"\" data-medium-file=\"https:\/\/i0.wp.com\/kkvranje-sevnica.net\/wp-content\/uploads\/2016\/06\/CAM05354.jpg?fit=225%2C300\" data-large-file=\"https:\/\/i0.wp.com\/kkvranje-sevnica.net\/wp-content\/uploads\/2016\/06\/CAM05354.jpg?fit=474%2C632\" src=\"https:\/\/i0.wp.com\/kkvranje-sevnica.net\/wp-content\/uploads\/2016\/06\/CAM05354.jpg?w=96&#038;h=128\" srcset=\"https:\/\/i0.wp.com\/kkvranje-sevnica.net\/wp-content\/uploads\/2016\/06\/CAM05354.jpg?w=1944 1944w, https:\/\/i0.wp.com\/kkvranje-sevnica.net\/wp-content\/uploads\/2016\/06\/CAM05354.jpg?resize=225%2C300 225w, https:\/\/i0.wp.com\/kkvranje-sevnica.net\/wp-content\/uploads\/2016\/06\/CAM05354.jpg?resize=768%2C1024 768w, https:\/\/i0.wp.com\/kkvranje-sevnica.net\/wp-content\/uploads\/2016\/06\/CAM05354.jpg?w=948 948w, https:\/\/i0.wp.com\/kkvranje-sevnica.net\/wp-content\/uploads\/2016\/06\/CAM05354.jpg?w=1422 1422w\" width=\"96\" height=\"128\" loading=\"lazy\" data-original-width=\"96\" data-original-height=\"128\" itemprop=\"http:\/\/schema.org\/image\" title=\"CAM05354\" alt=\"CAM05354\" style=\"width: 96px; height: 128px;\" \/> <\/a> <\/div> <\/div> <!-- close group --> <div class=\"gallery-group images-1\" style=\"width: 100px; height: 132px;\" data-original-width=\"100\" data-original-height=\"132\" > <div class=\"tiled-gallery-item tiled-gallery-item-small\" itemprop=\"associatedMedia\" itemscope itemtype=\"http:\/\/schema.org\/ImageObject\"> <a href=\"http:\/\/kkvranje-sevnica.net\/?attachment_id=931\" border=\"0\" itemprop=\"url\"> <meta itemprop=\"width\" content=\"96\"> <meta itemprop=\"height\" content=\"128\"> <img decoding=\"async\" class=\"\" data-attachment-id=\"931\" data-orig-file=\"http:\/\/kkvranje-sevnica.net\/wp-content\/uploads\/2016\/06\/CAM05356.jpg\" data-orig-size=\"1944,2592\" data-comments-opened=\"1\" data-image-meta=\"{&quot;aperture&quot;:&quot;2.8&quot;,&quot;credit&quot;:&quot;&quot;,&quot;camera&quot;:&quot;LG-P760&quot;,&quot;caption&quot;:&quot;&quot;,&quot;created_timestamp&quot;:&quot;0&quot;,&quot;copyright&quot;:&quot;&quot;,&quot;focal_length&quot;:&quot;4.6&quot;,&quot;iso&quot;:&quot;100&quot;,&quot;shutter_speed&quot;:&quot;0.005714&quot;,&quot;title&quot;:&quot;&quot;,&quot;orientation&quot;:&quot;0&quot;}\" data-image-title=\"CAM05356\" data-image-description=\"\" data-medium-file=\"https:\/\/i0.wp.com\/kkvranje-sevnica.net\/wp-content\/uploads\/2016\/06\/CAM05356.jpg?fit=225%2C300\" data-large-file=\"https:\/\/i0.wp.com\/kkvranje-sevnica.net\/wp-content\/uploads\/2016\/06\/CAM05356.jpg?fit=474%2C632\" src=\"https:\/\/i0.wp.com\/kkvranje-sevnica.net\/wp-content\/uploads\/2016\/06\/CAM05356.jpg?w=96&#038;h=128\" srcset=\"https:\/\/i0.wp.com\/kkvranje-sevnica.net\/wp-content\/uploads\/2016\/06\/CAM05356.jpg?w=1944 1944w, https:\/\/i0.wp.com\/kkvranje-sevnica.net\/wp-content\/uploads\/2016\/06\/CAM05356.jpg?resize=225%2C300 225w, https:\/\/i0.wp.com\/kkvranje-sevnica.net\/wp-content\/uploads\/2016\/06\/CAM05356.jpg?resize=768%2C1024 768w, https:\/\/i0.wp.com\/kkvranje-sevnica.net\/wp-content\/uploads\/2016\/06\/CAM05356.jpg?w=948 948w, https:\/\/i0.wp.com\/kkvranje-sevnica.net\/wp-content\/uploads\/2016\/06\/CAM05356.jpg?w=1422 1422w\" width=\"96\" height=\"128\" loading=\"lazy\" data-original-width=\"96\" data-original-height=\"128\" itemprop=\"http:\/\/schema.org\/image\" title=\"CAM05356\" alt=\"CAM05356\" style=\"width: 96px; height: 128px;\" \/> <\/a> <\/div> <\/div> <!-- close group --> <div class=\"gallery-group images-1\" style=\"width: 174px; height: 132px;\" data-original-width=\"174\" data-original-height=\"132\" > <div class=\"tiled-gallery-item tiled-gallery-item-small\" itemprop=\"associatedMedia\" itemscope itemtype=\"http:\/\/schema.org\/ImageObject\"> <a href=\"http:\/\/kkvranje-sevnica.net\/?attachment_id=932\" border=\"0\" itemprop=\"url\"> <meta itemprop=\"width\" content=\"170\"> <meta itemprop=\"height\" content=\"128\"> <img decoding=\"async\" class=\"\" data-attachment-id=\"932\" data-orig-file=\"http:\/\/kkvranje-sevnica.net\/wp-content\/uploads\/2016\/06\/CAM05357.jpg\" data-orig-size=\"2592,1944\" data-comments-opened=\"1\" data-image-meta=\"{&quot;aperture&quot;:&quot;2.8&quot;,&quot;credit&quot;:&quot;&quot;,&quot;camera&quot;:&quot;LG-P760&quot;,&quot;caption&quot;:&quot;&quot;,&quot;created_timestamp&quot;:&quot;0&quot;,&quot;copyright&quot;:&quot;&quot;,&quot;focal_length&quot;:&quot;4.6&quot;,&quot;iso&quot;:&quot;100&quot;,&quot;shutter_speed&quot;:&quot;0.005415&quot;,&quot;title&quot;:&quot;&quot;,&quot;orientation&quot;:&quot;0&quot;}\" data-image-title=\"CAM05357\" data-image-description=\"\" data-medium-file=\"https:\/\/i0.wp.com\/kkvranje-sevnica.net\/wp-content\/uploads\/2016\/06\/CAM05357.jpg?fit=300%2C225\" data-large-file=\"https:\/\/i0.wp.com\/kkvranje-sevnica.net\/wp-content\/uploads\/2016\/06\/CAM05357.jpg?fit=474%2C356\" src=\"https:\/\/i0.wp.com\/kkvranje-sevnica.net\/wp-content\/uploads\/2016\/06\/CAM05357.jpg?w=170&#038;h=128\" srcset=\"https:\/\/i0.wp.com\/kkvranje-sevnica.net\/wp-content\/uploads\/2016\/06\/CAM05357.jpg?w=2592 2592w, https:\/\/i0.wp.com\/kkvranje-sevnica.net\/wp-content\/uploads\/2016\/06\/CAM05357.jpg?resize=300%2C225 300w, https:\/\/i0.wp.com\/kkvranje-sevnica.net\/wp-content\/uploads\/2016\/06\/CAM05357.jpg?resize=1024%2C768 1024w, https:\/\/i0.wp.com\/kkvranje-sevnica.net\/wp-content\/uploads\/2016\/06\/CAM05357.jpg?w=948 948w, https:\/\/i0.wp.com\/kkvranje-sevnica.net\/wp-content\/uploads\/2016\/06\/CAM05357.jpg?w=1422 1422w\" width=\"170\" height=\"128\" loading=\"lazy\" data-original-width=\"170\" data-original-height=\"128\" itemprop=\"http:\/\/schema.org\/image\" title=\"CAM05357\" alt=\"CAM05357\" style=\"width: 170px; height: 128px;\" \/> <\/a> <\/div> <\/div> <!-- close group --> <\/div> <!-- close row --> <\/div>\n","protected":false},"excerpt":{"rendered":"<p>Spoznajte na\u0161o novo pridobitev, \u010dudovito malo ponico Blum, ki bo od sedaj naprej skrbela za na\u0161e najmanj\u0161e jaha\u010de in tudi tiste malo ve\u010dje, ki se bojijo velikih konjev. Je \u010dudovita sr\u010dica, ki obo\u017euje otroke, sploh \u010de ji prinesejo kak\u0161en pribolj\u0161ek \ud83d\ude42<\/p>\n","protected":false},"author":1,"featured_media":0,"parent":180,"menu_order":4,"comment_status":"closed","ping_status":"closed","template":"","meta":{"ngg_post_thumbnail":0,"jetpack_post_was_ever_published":false,"footnotes":""},"class_list":["post-928","page","type-page","status-publish","hentry"],"jetpack_sharing_enabled":true,"jetpack_shortlink":"https:\/\/wp.me\/P4cz9w-eY","jetpack_likes_enabled":true,"_links":{"self":[{"href":"http:\/\/kkvranje-sevnica.net\/index.php?rest_route=\/wp\/v2\/pages\/928","targetHints":{"allow":["GET"]}}],"collection":[{"href":"http:\/\/kkvranje-sevnica.net\/index.php?rest_route=\/wp\/v2\/pages"}],"about":[{"href":"http:\/\/kkvranje-sevnica.net\/index.php?rest_route=\/wp\/v2\/types\/page"}],"author":[{"embeddable":true,"href":"http:\/\/kkvranje-sevnica.net\/index.php?rest_route=\/wp\/v2\/users\/1"}],"replies":[{"embeddable":true,"href":"http:\/\/kkvranje-sevnica.net\/index.php?rest_route=%2Fwp%2Fv2%2Fcomments&post=928"}],"version-history":[{"count":1,"href":"http:\/\/kkvranje-sevnica.net\/index.php?rest_route=\/wp\/v2\/pages\/928\/revisions"}],"predecessor-version":[{"id":934,"href":"http:\/\/kkvranje-sevnica.net\/index.php?rest_route=\/wp\/v2\/pages\/928\/revisions\/934"}],"up":[{"embeddable":true,"href":"http:\/\/kkvranje-sevnica.net\/index.php?rest_route=\/wp\/v2\/pages\/180"}],"wp:attachment":[{"href":"http:\/\/kkvranje-sevnica.net\/index.php?rest_route=%2Fwp%2Fv2%2Fmedia&parent=928"}],"curies":[{"name":"wp","href":"https:\/\/api.w.org\/{rel}","templated":true}]}}