{"id":969,"date":"2016-06-11T21:21:28","date_gmt":"2016-06-11T20:21:28","guid":{"rendered":"http:\/\/kkvranje-sevnica.net\/?page_id=969"},"modified":"2020-05-12T11:39:57","modified_gmt":"2020-05-12T10:39:57","slug":"kontakt","status":"publish","type":"page","link":"http:\/\/kkvranje-sevnica.net\/?page_id=969","title":{"rendered":"Kontakt in kje smo"},"content":{"rendered":"\n<p>Vam je v\u0161e\u010d kar ste videli na slikah in bi nas radi obiskali?<\/p>\n\n\n\n<p>Super! Najbolje, da pokli\u010dete na spodnjo telefonsko \u0161tevilko, da se dogovorimo za obisk. Nahajamo se 4,1 km od Gosti\u0161\u010da Kregl na Gornjem Brezovem. Naslov:\u00a0Vranje 19, Sevnica <a href=\"https:\/\/www.google.com\/maps\/dir\/Sevnica,+8290\/Vranje+19,+Sevnica\/@46.0192254,15.288919,7330m\/am=t\/data=!3m2!1e3!4b1!4m14!4m13!1m5!1m1!1s0x4765a75aaac1c08f:0x909a9ed3bffdb003!2m2!1d15.2979868!2d46.0129508!1m5!1m1!1s0x4765a0dc9410b493:0xc17db3c0d0c8d181!2m2!1d15.3499137!2d46.0348197!3e0\"><img data-recalc-dims=\"1\" loading=\"lazy\" decoding=\"async\" data-attachment-id=\"2626\" data-permalink=\"http:\/\/kkvranje-sevnica.net\/?attachment_id=2626\" data-orig-file=\"https:\/\/i0.wp.com\/kkvranje-sevnica.net\/wp-content\/uploads\/2019\/04\/Vranje-19-navodilo.png?fit=1365%2C647\" data-orig-size=\"1365,647\" data-comments-opened=\"1\" data-image-meta=\"{&quot;aperture&quot;:&quot;0&quot;,&quot;credit&quot;:&quot;&quot;,&quot;camera&quot;:&quot;&quot;,&quot;caption&quot;:&quot;&quot;,&quot;created_timestamp&quot;:&quot;0&quot;,&quot;copyright&quot;:&quot;&quot;,&quot;focal_length&quot;:&quot;0&quot;,&quot;iso&quot;:&quot;0&quot;,&quot;shutter_speed&quot;:&quot;0&quot;,&quot;title&quot;:&quot;&quot;,&quot;orientation&quot;:&quot;0&quot;}\" data-image-title=\"Vranje 19, navodilo\" data-image-description=\"\" data-image-caption=\"\" data-medium-file=\"https:\/\/i0.wp.com\/kkvranje-sevnica.net\/wp-content\/uploads\/2019\/04\/Vranje-19-navodilo.png?fit=300%2C142\" data-large-file=\"https:\/\/i0.wp.com\/kkvranje-sevnica.net\/wp-content\/uploads\/2019\/04\/Vranje-19-navodilo.png?fit=474%2C225\" width=\"474\" height=\"225\" class=\"alignnone wp-image-2626 size-full\" src=\"https:\/\/i0.wp.com\/kkvranje-sevnica.net\/wp-content\/uploads\/2019\/04\/Vranje-19-navodilo.png?resize=474%2C225\" alt=\"\" srcset=\"https:\/\/i0.wp.com\/kkvranje-sevnica.net\/wp-content\/uploads\/2019\/04\/Vranje-19-navodilo.png?w=1365 1365w, https:\/\/i0.wp.com\/kkvranje-sevnica.net\/wp-content\/uploads\/2019\/04\/Vranje-19-navodilo.png?resize=300%2C142 300w, https:\/\/i0.wp.com\/kkvranje-sevnica.net\/wp-content\/uploads\/2019\/04\/Vranje-19-navodilo.png?resize=768%2C364 768w, https:\/\/i0.wp.com\/kkvranje-sevnica.net\/wp-content\/uploads\/2019\/04\/Vranje-19-navodilo.png?resize=1024%2C485 1024w, https:\/\/i0.wp.com\/kkvranje-sevnica.net\/wp-content\/uploads\/2019\/04\/Vranje-19-navodilo.png?w=948 948w\" sizes=\"auto, (max-width: 474px) 100vw, 474px\" \/><\/a> Za ve\u010d informacij nam lahko pi\u0161ete na mail: kkvranje.sevnica@gmail.com ali nas pokli\u010dete na telefonsko \u0161tevilko 031 709 563 (Jerca Felicijan) ali 051 255 138 ( Peter)<\/p>\n","protected":false},"excerpt":{"rendered":"<p>Vam je v\u0161e\u010d kar ste videli na slikah in bi nas radi obiskali? Super! Najbolje, da pokli\u010dete na spodnjo telefonsko \u0161tevilko, da se dogovorimo za obisk. Nahajamo se 4,1 km od Gosti\u0161\u010da Kregl na Gornjem Brezovem. Naslov:\u00a0Vranje 19, Sevnica Za ve\u010d informacij nam lahko pi\u0161ete na mail: kkvranje.sevnica@gmail.com ali nas pokli\u010dete na telefonsko \u0161tevilko 031 &hellip; <a href=\"http:\/\/kkvranje-sevnica.net\/?page_id=969\" class=\"more-link\">Continue reading <span class=\"screen-reader-text\">Kontakt in kje smo<\/span> <span class=\"meta-nav\">&rarr;<\/span><\/a><\/p>\n","protected":false},"author":1,"featured_media":0,"parent":0,"menu_order":0,"comment_status":"closed","ping_status":"closed","template":"","meta":{"ngg_post_thumbnail":0,"jetpack_post_was_ever_published":false,"footnotes":""},"class_list":["post-969","page","type-page","status-publish","hentry"],"jetpack_sharing_enabled":true,"jetpack_shortlink":"https:\/\/wp.me\/P4cz9w-fD","jetpack_likes_enabled":true,"_links":{"self":[{"href":"http:\/\/kkvranje-sevnica.net\/index.php?rest_route=\/wp\/v2\/pages\/969","targetHints":{"allow":["GET"]}}],"collection":[{"href":"http:\/\/kkvranje-sevnica.net\/index.php?rest_route=\/wp\/v2\/pages"}],"about":[{"href":"http:\/\/kkvranje-sevnica.net\/index.php?rest_route=\/wp\/v2\/types\/page"}],"author":[{"embeddable":true,"href":"http:\/\/kkvranje-sevnica.net\/index.php?rest_route=\/wp\/v2\/users\/1"}],"replies":[{"embeddable":true,"href":"http:\/\/kkvranje-sevnica.net\/index.php?rest_route=%2Fwp%2Fv2%2Fcomments&post=969"}],"version-history":[{"count":8,"href":"http:\/\/kkvranje-sevnica.net\/index.php?rest_route=\/wp\/v2\/pages\/969\/revisions"}],"predecessor-version":[{"id":4984,"href":"http:\/\/kkvranje-sevnica.net\/index.php?rest_route=\/wp\/v2\/pages\/969\/revisions\/4984"}],"wp:attachment":[{"href":"http:\/\/kkvranje-sevnica.net\/index.php?rest_route=%2Fwp%2Fv2%2Fmedia&parent=969"}],"curies":[{"name":"wp","href":"https:\/\/api.w.org\/{rel}","templated":true}]}}